{"id":321,"date":"2014-05-03T20:14:44","date_gmt":"2014-05-03T18:14:44","guid":{"rendered":"http:\/\/crispy-pictures.de\/webseite\/?page_id=321"},"modified":"2014-05-23T13:51:55","modified_gmt":"2014-05-23T11:51:55","slug":"profil","status":"publish","type":"page","link":"https:\/\/www.crispy-pictures.de\/webseite\/profil\/","title":{"rendered":"Profil"},"content":{"rendered":"<p>Crispy Pictures realisiert Ihre Ideen und Entw\u00fcrfe in virtuellen Welten.<br \/>\nDie Entwurfsphase wird so zur erlebbaren Vision.<\/p>\n<p>F\u00fcr jedes Projekt wird der passende Look f\u00fcr versteckte Prozesse und komplexe<br \/>\nAbl\u00e4ufe und Pr\u00e4sentationen in stilisierter oder fotorealistischer Darstellung<br \/>\ngefunden.<\/p>\n<p>Langj\u00e4hrige Erfahrung erm\u00f6glicht ein breites Leistungsspektrum f\u00fcr Screen-<br \/>\nund Printanwendungen. Ansporn sind die individuellen Vorstellungen der<br \/>\nKunden aus den Bereichen: Industrie, Architektur, Design und Messebau.<\/p>\n<p>Crispy Pictures erschafft komfortable L\u00f6sungen f\u00fcr funktionale und \u00e4sthetische<br \/>\nLebensr\u00e4ume in 3D.<\/p>\n<p>&nbsp;<\/p>\n<p>&nbsp;<\/p>\n","protected":false},"excerpt":{"rendered":"<p>Crispy Pictures realisiert Ihre Ideen und Entw\u00fcrfe in virtuellen Welten. Die Entwurfsphase wird so zur erlebbaren Vision. F\u00fcr jedes Projekt wird der passende Look f\u00fcr versteckte Prozesse und komplexe Abl\u00e4ufe und Pr\u00e4sentationen in stilisierter oder fotorealistischer Darstellung gefunden. Langj\u00e4hrige Erfahrung erm\u00f6glicht ein breites Leistungsspektrum f\u00fcr Screen- und Printanwendungen. Ansporn sind die individuellen Vorstellungen der Kunden [&hellip;]<\/p>\n","protected":false},"author":1,"featured_media":0,"parent":0,"menu_order":0,"comment_status":"closed","ping_status":"open","template":"","meta":{"footnotes":""},"class_list":["post-321","page","type-page","status-publish","hentry"],"yoast_head":"<!-- This site is optimized with the Yoast SEO plugin v27.3 - https:\/\/yoast.com\/product\/yoast-seo-wordpress\/ -->\n<title>Profil - Crispy Pictures<\/title>\n<meta name=\"robots\" content=\"index, follow, max-snippet:-1, max-image-preview:large, max-video-preview:-1\" \/>\n<link rel=\"canonical\" href=\"https:\/\/www.crispy-pictures.de\/webseite\/profil\/\" \/>\n<meta property=\"og:locale\" content=\"de_DE\" \/>\n<meta property=\"og:type\" content=\"article\" \/>\n<meta property=\"og:title\" content=\"Profil - Crispy Pictures\" \/>\n<meta property=\"og:description\" content=\"Crispy Pictures realisiert Ihre Ideen und Entw\u00fcrfe in virtuellen Welten. Die Entwurfsphase wird so zur erlebbaren Vision. F\u00fcr jedes Projekt wird der passende Look f\u00fcr versteckte Prozesse und komplexe Abl\u00e4ufe und Pr\u00e4sentationen in stilisierter oder fotorealistischer Darstellung gefunden. Langj\u00e4hrige Erfahrung erm\u00f6glicht ein breites Leistungsspektrum f\u00fcr Screen- und Printanwendungen. Ansporn sind die individuellen Vorstellungen der Kunden [&hellip;]\" \/>\n<meta property=\"og:url\" content=\"https:\/\/www.crispy-pictures.de\/webseite\/profil\/\" \/>\n<meta property=\"og:site_name\" content=\"Crispy Pictures\" \/>\n<meta property=\"article:modified_time\" content=\"2014-05-23T11:51:55+00:00\" \/>\n<meta name=\"twitter:card\" content=\"summary_large_image\" \/>\n<script type=\"application\/ld+json\" class=\"yoast-schema-graph\">{\"@context\":\"https:\\\/\\\/schema.org\",\"@graph\":[{\"@type\":\"WebPage\",\"@id\":\"https:\\\/\\\/www.crispy-pictures.de\\\/webseite\\\/profil\\\/\",\"url\":\"https:\\\/\\\/www.crispy-pictures.de\\\/webseite\\\/profil\\\/\",\"name\":\"Profil - Crispy Pictures\",\"isPartOf\":{\"@id\":\"https:\\\/\\\/www.crispy-pictures.de\\\/webseite\\\/#website\"},\"datePublished\":\"2014-05-03T18:14:44+00:00\",\"dateModified\":\"2014-05-23T11:51:55+00:00\",\"breadcrumb\":{\"@id\":\"https:\\\/\\\/www.crispy-pictures.de\\\/webseite\\\/profil\\\/#breadcrumb\"},\"inLanguage\":\"de\",\"potentialAction\":[{\"@type\":\"ReadAction\",\"target\":[\"https:\\\/\\\/www.crispy-pictures.de\\\/webseite\\\/profil\\\/\"]}]},{\"@type\":\"BreadcrumbList\",\"@id\":\"https:\\\/\\\/www.crispy-pictures.de\\\/webseite\\\/profil\\\/#breadcrumb\",\"itemListElement\":[{\"@type\":\"ListItem\",\"position\":1,\"name\":\"Startseite\",\"item\":\"https:\\\/\\\/www.crispy-pictures.de\\\/webseite\\\/\"},{\"@type\":\"ListItem\",\"position\":2,\"name\":\"Profil\"}]},{\"@type\":\"WebSite\",\"@id\":\"https:\\\/\\\/www.crispy-pictures.de\\\/webseite\\\/#website\",\"url\":\"https:\\\/\\\/www.crispy-pictures.de\\\/webseite\\\/\",\"name\":\"Crispy Pictures\",\"description\":\"3D Visualisierung &amp; Animation\",\"potentialAction\":[{\"@type\":\"SearchAction\",\"target\":{\"@type\":\"EntryPoint\",\"urlTemplate\":\"https:\\\/\\\/www.crispy-pictures.de\\\/webseite\\\/?s={search_term_string}\"},\"query-input\":{\"@type\":\"PropertyValueSpecification\",\"valueRequired\":true,\"valueName\":\"search_term_string\"}}],\"inLanguage\":\"de\"}]}<\/script>\n<!-- \/ Yoast SEO plugin. -->","yoast_head_json":{"title":"Profil - Crispy Pictures","robots":{"index":"index","follow":"follow","max-snippet":"max-snippet:-1","max-image-preview":"max-image-preview:large","max-video-preview":"max-video-preview:-1"},"canonical":"https:\/\/www.crispy-pictures.de\/webseite\/profil\/","og_locale":"de_DE","og_type":"article","og_title":"Profil - Crispy Pictures","og_description":"Crispy Pictures realisiert Ihre Ideen und Entw\u00fcrfe in virtuellen Welten. Die Entwurfsphase wird so zur erlebbaren Vision. F\u00fcr jedes Projekt wird der passende Look f\u00fcr versteckte Prozesse und komplexe Abl\u00e4ufe und Pr\u00e4sentationen in stilisierter oder fotorealistischer Darstellung gefunden. Langj\u00e4hrige Erfahrung erm\u00f6glicht ein breites Leistungsspektrum f\u00fcr Screen- und Printanwendungen. Ansporn sind die individuellen Vorstellungen der Kunden [&hellip;]","og_url":"https:\/\/www.crispy-pictures.de\/webseite\/profil\/","og_site_name":"Crispy Pictures","article_modified_time":"2014-05-23T11:51:55+00:00","twitter_card":"summary_large_image","schema":{"@context":"https:\/\/schema.org","@graph":[{"@type":"WebPage","@id":"https:\/\/www.crispy-pictures.de\/webseite\/profil\/","url":"https:\/\/www.crispy-pictures.de\/webseite\/profil\/","name":"Profil - Crispy Pictures","isPartOf":{"@id":"https:\/\/www.crispy-pictures.de\/webseite\/#website"},"datePublished":"2014-05-03T18:14:44+00:00","dateModified":"2014-05-23T11:51:55+00:00","breadcrumb":{"@id":"https:\/\/www.crispy-pictures.de\/webseite\/profil\/#breadcrumb"},"inLanguage":"de","potentialAction":[{"@type":"ReadAction","target":["https:\/\/www.crispy-pictures.de\/webseite\/profil\/"]}]},{"@type":"BreadcrumbList","@id":"https:\/\/www.crispy-pictures.de\/webseite\/profil\/#breadcrumb","itemListElement":[{"@type":"ListItem","position":1,"name":"Startseite","item":"https:\/\/www.crispy-pictures.de\/webseite\/"},{"@type":"ListItem","position":2,"name":"Profil"}]},{"@type":"WebSite","@id":"https:\/\/www.crispy-pictures.de\/webseite\/#website","url":"https:\/\/www.crispy-pictures.de\/webseite\/","name":"Crispy Pictures","description":"3D Visualisierung &amp; Animation","potentialAction":[{"@type":"SearchAction","target":{"@type":"EntryPoint","urlTemplate":"https:\/\/www.crispy-pictures.de\/webseite\/?s={search_term_string}"},"query-input":{"@type":"PropertyValueSpecification","valueRequired":true,"valueName":"search_term_string"}}],"inLanguage":"de"}]}},"_links":{"self":[{"href":"https:\/\/www.crispy-pictures.de\/webseite\/wp-json\/wp\/v2\/pages\/321","targetHints":{"allow":["GET"]}}],"collection":[{"href":"https:\/\/www.crispy-pictures.de\/webseite\/wp-json\/wp\/v2\/pages"}],"about":[{"href":"https:\/\/www.crispy-pictures.de\/webseite\/wp-json\/wp\/v2\/types\/page"}],"author":[{"embeddable":true,"href":"https:\/\/www.crispy-pictures.de\/webseite\/wp-json\/wp\/v2\/users\/1"}],"replies":[{"embeddable":true,"href":"https:\/\/www.crispy-pictures.de\/webseite\/wp-json\/wp\/v2\/comments?post=321"}],"version-history":[{"count":20,"href":"https:\/\/www.crispy-pictures.de\/webseite\/wp-json\/wp\/v2\/pages\/321\/revisions"}],"predecessor-version":[{"id":854,"href":"https:\/\/www.crispy-pictures.de\/webseite\/wp-json\/wp\/v2\/pages\/321\/revisions\/854"}],"wp:attachment":[{"href":"https:\/\/www.crispy-pictures.de\/webseite\/wp-json\/wp\/v2\/media?parent=321"}],"curies":[{"name":"wp","href":"https:\/\/api.w.org\/{rel}","templated":true}]}}